{"id":2111,"date":"2019-03-26T22:43:35","date_gmt":"2019-03-26T22:43:35","guid":{"rendered":"http:\/\/dimartours.com\/ipsc\/?page_id=49"},"modified":"2020-06-25T19:36:41","modified_gmt":"2020-06-25T22:36:41","slug":"iroa","status":"publish","type":"page","link":"https:\/\/ipsc.org.uy\/index.php\/iroa\/","title":{"rendered":"IROA &#8211; INOC"},"content":{"rendered":"\t\t<div data-elementor-type=\"wp-post\" data-elementor-id=\"2111\" class=\"elementor elementor-2111\" data-elementor-post-type=\"page\">\n\t\t\t\t\t\t<section data-particle_enable=\"false\" data-particle-mobile-disabled=\"false\" class=\"elementor-section elementor-top-section elementor-element elementor-element-e0e687a elementor-section-boxed elementor-section-height-default elementor-section-height-default\" data-id=\"e0e687a\" data-element_type=\"section\">\n\t\t\t\t\t\t<div class=\"elementor-container elementor-column-gap-default\">\n\t\t\t\t\t<div class=\"elementor-column elementor-col-100 elementor-top-column elementor-element elementor-element-4c39db5\" data-id=\"4c39db5\" data-element_type=\"column\">\n\t\t\t<div class=\"elementor-widget-wrap elementor-element-populated\">\n\t\t\t\t\t\t<div class=\"elementor-element elementor-element-b136992 elementor-widget elementor-widget-spacer\" data-id=\"b136992\" data-element_type=\"widget\" data-widget_type=\"spacer.default\">\n\t\t\t\t<div class=\"elementor-widget-container\">\n\t\t\t\t\t\t\t<div class=\"elementor-spacer\">\n\t\t\t<div class=\"elementor-spacer-inner\"><\/div>\n\t\t<\/div>\n\t\t\t\t\t\t<\/div>\n\t\t\t\t<\/div>\n\t\t\t\t<div class=\"elementor-element elementor-element-2d4f850 elementor-widget elementor-widget-text-editor\" data-id=\"2d4f850\" data-element_type=\"widget\" data-widget_type=\"text-editor.default\">\n\t\t\t\t<div class=\"elementor-widget-container\">\n\t\t\t\t\t\t\t\t\t<h3><img decoding=\"async\" class=\"aligncenter size-full wp-image-2979\" src=\"https:\/\/ipsc.org.uy\/wp-content\/uploads\/2020\/06\/iroa_logo2.png\" alt=\"\" width=\"221\" height=\"130\" \/><\/h3><h3>Es la Asociaci\u00f3n Internacional de Oficiales de Campo<\/h3><p>IPSC cre\u00f3 la International Range Officers Association (IROA) para establecer una estructura para la acreditaci\u00f3n, el reconocimiento y el mantenimiento de los oficiales de los torneos.<\/p><p>IROA certifica que los Oficiales de Rango IPSC son los mejor entrenados, los mejor calificados y los mejor preparados para garantizar un est\u00e1ndar mundial uniforme para todas las competiciones.<\/p><h3>Dentro de sus tareas especificas est\u00e1 la Educaci\u00f3n<\/h3><p>La preparaci\u00f3n, desarrollo, mantenimiento y distribuci\u00f3n de los materiales de entrenamiento oficiales de los partidos que reflejen los requisitos actuales y futuros de los partidos IPSC.<br \/>La identificaci\u00f3n y capacitaci\u00f3n de los oficiales nacionales de torneos que exhiben un alto nivel de competencia, actitud y un compromiso personal con la seguridad y la calidad de los torneos IPSC para unirse a las filas de IROA.<\/p>\t\t\t\t\t\t\t\t<\/div>\n\t\t\t\t<\/div>\n\t\t\t\t\t<\/div>\n\t\t<\/div>\n\t\t\t\t\t<\/div>\n\t\t<\/section>\n\t\t\t\t<section data-particle_enable=\"false\" data-particle-mobile-disabled=\"false\" class=\"elementor-section elementor-top-section elementor-element elementor-element-f4c5f27 elementor-section-boxed elementor-section-height-default elementor-section-height-default\" data-id=\"f4c5f27\" data-element_type=\"section\">\n\t\t\t\t\t\t<div class=\"elementor-container elementor-column-gap-default\">\n\t\t\t\t\t<div class=\"elementor-column elementor-col-100 elementor-top-column elementor-element elementor-element-45b2bc0\" data-id=\"45b2bc0\" data-element_type=\"column\">\n\t\t\t<div class=\"elementor-widget-wrap elementor-element-populated\">\n\t\t\t\t\t\t<div class=\"elementor-element elementor-element-435db9e elementor-widget elementor-widget-spacer\" data-id=\"435db9e\" data-element_type=\"widget\" data-widget_type=\"spacer.default\">\n\t\t\t\t<div class=\"elementor-widget-container\">\n\t\t\t\t\t\t\t<div class=\"elementor-spacer\">\n\t\t\t<div class=\"elementor-spacer-inner\"><\/div>\n\t\t<\/div>\n\t\t\t\t\t\t<\/div>\n\t\t\t\t<\/div>\n\t\t\t\t\t<\/div>\n\t\t<\/div>\n\t\t\t\t\t<\/div>\n\t\t<\/section>\n\t\t\t\t<\/div>\n\t\t","protected":false},"excerpt":{"rendered":"<p>Es la Asociaci\u00f3n Internacional de Oficiales de Campo IPSC cre\u00f3 la International Range Officers Association (IROA) para establecer una estructura para la acreditaci\u00f3n, el reconocimiento y el mantenimiento de los oficiales de los torneos. IROA certifica que los Oficiales de Rango IPSC son los mejor entrenados, los mejor calificados y los mejor preparados para garantizar [&hellip;]<\/p>\n","protected":false},"author":1,"featured_media":0,"parent":0,"menu_order":0,"comment_status":"closed","ping_status":"closed","template":"elementor_header_footer","meta":{"footnotes":""},"class_list":["post-2111","page","type-page","status-publish","hentry"],"publishpress_future_action":{"enabled":false,"date":"2026-05-08 01:55:20","action":"change-status","newStatus":"draft","terms":[],"taxonomy":"","extraData":[]},"publishpress_future_workflow_manual_trigger":{"enabledWorkflows":[]},"_links":{"self":[{"href":"https:\/\/ipsc.org.uy\/index.php\/wp-json\/wp\/v2\/pages\/2111","targetHints":{"allow":["GET"]}}],"collection":[{"href":"https:\/\/ipsc.org.uy\/index.php\/wp-json\/wp\/v2\/pages"}],"about":[{"href":"https:\/\/ipsc.org.uy\/index.php\/wp-json\/wp\/v2\/types\/page"}],"author":[{"embeddable":true,"href":"https:\/\/ipsc.org.uy\/index.php\/wp-json\/wp\/v2\/users\/1"}],"replies":[{"embeddable":true,"href":"https:\/\/ipsc.org.uy\/index.php\/wp-json\/wp\/v2\/comments?post=2111"}],"version-history":[{"count":7,"href":"https:\/\/ipsc.org.uy\/index.php\/wp-json\/wp\/v2\/pages\/2111\/revisions"}],"predecessor-version":[{"id":2982,"href":"https:\/\/ipsc.org.uy\/index.php\/wp-json\/wp\/v2\/pages\/2111\/revisions\/2982"}],"wp:attachment":[{"href":"https:\/\/ipsc.org.uy\/index.php\/wp-json\/wp\/v2\/media?parent=2111"}],"curies":[{"name":"wp","href":"https:\/\/api.w.org\/{rel}","templated":true}]}}